z = p + 5. What is y(z)?
6
Let x(j) = -j**3 - 6*j**2 - 4*j. Let k be ((-9)/15)/(1/5). What is x(k)?
-15
Let p(l) be the third derivative of -l**6/120 + l**5/30 - l**4/12 + l**3/2 + 9*l**2. Calculate p(2).
-1
Let t = 87 - 88. Let r(n) = 8*n**3 - 5*n**2 - 4*n - 5. Let u(a) = -15*a**3 + 9*a**2 + 7*a + 9. Let o(q) = -11*r(q) - 6*u(q). Calculate o(t).
-2
Let c(g) be the first derivative of -3 + 1/2*g**2 + 4*g. Calculate c(-3).
1
Suppose -4*p = p + 20. Let j(b) = 6*b**3 + 7*b**2 + 6*b + 2. Let a(r) = r**3 + r**2 + r + 1. Let d(i) = p*a(i) + j(i). Determine d(-2).
-10
Suppose -2*k + 8 = -4*n, -2 = n - k - 2*k. Let p(a) be the first derivative of -a**3 - 3*a**2/2 - 2*a + 1. Determine p(n).
-8
Suppose -4*b + 0*s - 1 = 3*s, 3*b + s + 2 = 0. Let t(q) be the first derivative of q**4 + q**3/3 - q + 19. What is t(b)?
-4
Suppose 0 = 4*f - 2*q, f - 26 = -2*f - 5*q. Suppose 4*y = 4*h - 20, -2*h = -f*y - h - 7. Let t be (3/3)/(y/6). Let g(p) = p**3 + 3*p**2 - 3. What is g(t)?
-3
Let q(f) = -f**2 + 4. Let a(c) = -c**3 + 6*c**2 - 3*c - 10. Let p be a(5). Give q(p).
4
Let v(j) = 6. Let i(u) = u + 1. Let c(w) = -i(w) + v(w). What is c(7)?
-2
Let s(f) = f**3 - 3*f**2 + 2*f. Let j(k) = -k**2 + 28. Let d be j(0). Suppose -4*x - d = -2*x. Let p be x/(-6) + 6/9. Give s(p).
6
Let t(r) = -2*r + 1. Let j(p) = 2*p - 3. Let z(y) = -2*j(y) - 3*t(y). Determine z(7).
17
Suppose 20 + 31 = -3*y. Let s(h) = 5*h**3 - 10*h**2 - 6*h - 10. Let z(v) = 14*v**3 - 29*v**2 - 17*v - 29. Let n(u) = y*s(u) + 6*z(u). Calculate n(-4).
-4
Suppose 4*u - u = 3*r - 6, -4*r = -8. Suppose u = 4*t + 12 + 4. Let z(m) = -2*m**2 - 5*m + 4. Give z(t).
-8
Let s(o) = 2*o**3 + 2*o + 1. Let t(v) = -4*v**3 - 3*v - 1. Let p(g) = g**2 - 12*g - 3. Let n be p(12). Let r(h) = n*t(h) - 5*s(h). What is r(2)?
12
Let c(o) = 4*o**3 - 8*o**2 - o + 3. Let w(t) = 9*t**3 - 17*t**2 - 2*t + 5. Let s(z) = -7*c(z) + 3*w(z). Determine s(5).
-1
Let v(d) = d**3 + 6*d**2 + 4*d - 7. Let p be (-9)/6*(-8)/3. Suppose 0 = 4*h + 3*g - 0*g - p, 2*g = 0. Suppose 2*k + 11 = h. Determine v(k).
-2
Let p(z) = z**2 + 5*z + 5. Let l(j) = j**2 - 10*j + 3. Let x be l(9). What is p(x)?
11
Let p(c) = 2*c**2 + c - 1. Let o(n) = 2*n**3 + n + 1. Let w be o(-1). Determine p(w).
5
Let y(x) = -2*x + 7. Let h(t) = -t + 4. Suppose -4*j + 3 = u - 6*j, 5*u + 2*j = -33. Let n(o) = u*h(o) + 3*y(o). Determine n(-3).
4
Let y(f) = f**2 - f - 4. Let j = 168 - 171. Give y(j).
8
Suppose -20 = -2*p - 2*p. Let a(s) = -s**3 + 6*s**2 - 6*s + 4. Determine a(p).
-1
Suppose 0 = 2*w + 3*w. Let n be 3/(-7) - (-20)/14. Let z(b) = -5 + 7*b + n - 6*b. Calculate z(w).
-4
Let m(k) be the first derivative of -k**4/4 - 2*k**3 - 3*k**2/2 + 3*k - 10. What is m(-5)?
-7
Let w(o) = 0*o**2 - o**2 + 2*o + 7 - 4 - 2. Let x be (-1)/2*(0 - 8). Calculate w(x).
-7
Let o(d) = d**2 - 3 - 3*d + 1 + 0*d**2 + 0*d**3 + d**3. Suppose g - 8 = 2*g. Let y be 2 - 1/((-2)/g). Calculate o(y).
0
Suppose -w + 3 + 6 = v, 4*w - 11 = v. Let b = v + 0. Let g(x) be the first derivative of x**4/4 - 5*x**3/3 + x**2/2 - 7*x + 22. Determine g(b).
-2
Suppose 3*n - 15 = 0, 5*w - 3*n + 1 = -4. Let c(x) = 2 + 7*x**2 - w*x - 4*x**3 + 2 - 2*x**2 + 3*x**3. Give c(5).
-6
Suppose 12*y - 13*y + 2 = 0. Let g(o) = o**2 + 3*o - 1. Calculate g(y).
9
Suppose 4*g + 0*g - 4 = 0. Suppose 7 = 4*f - g. Let n(y) be the third derivative of -y**5/30 + y**4/24 - y**2. Determine n(f).
-6
Let d(m) = -2*m**2 + 2*m + 1. Suppose -1 = 5*h - 5*a + 14, 2*a = 5*h. Determine d(h).
-3
Suppose g + 4 = -3*q, 4*g - 1 = 19. Let v(h) be the first derivative of -5/2*h**2 - 1/3*h**3 - 2 + 2*h. Give v(q).
8
Suppose -32 - 3 = -5*c. Let w(v) = -6*v + 16. Let x(d) = -2*d + 5. Let r(i) = -2*w(i) + 7*x(i). Determine r(c).
-11
Let s(b) be the third derivative of b**4/6 + 9*b**2. Determine s(-4).
-16
Let a(p) = -2*p**2 + p + p**2 + 4*p**3 + 2*p**2. Let g(o) = 14*o - 183. Let q be g(13). Calculate a(q).
-4
Let v(p) = 13*p - 5. Let b(g) = -7*g + 2. Let y(k) = -5*b(k) - 2*v(k). What is y(-1)?
-9
Let u be -1*(-12)/(-8)*(-2)/(-3). Let p(h) = -10*h**3 - 2*h**2 - h. Give p(u).
9
Let t(i) = -i + 4*i**2 + 0*i + 2*i + 1 - i**2. Determine t(-2).
11
Let j(h) = -h**3 - 3*h**2 - 3*h - 2. Let b(a) = -a**3 + 2*a**2 + 2*a. Let i be b(3). Give j(i).
7
Let k(n) = 1 - 4*n**2 + 8*n**3 - 8*n**3 + 0*n**3 + n**3 + 4*n. Determine k(4).
17
Let a(l) = -3*l - 3. Let s be 2/(2/6*(-36)/18). Give a(s).
6
Let q(a) = -a**2 - a - 3. Let h(j) = -j**2 - j - 4. Let w(c) = 4*h(c) - 5*q(c). Let k(g) = g**2 - 5*g - 3. Let i be k(5). Determine w(i).
5
Let k(v) = v - 1. Let r(b) = 3*b - 4. Let j(y) = 4*k(y) - r(y). Calculate j(-1).
-1
Let s(t) = -2*t**2 + 2*t - 3. Let i(a) = -3*a**2 + 2*a - 4. Let g(c) = -4*i(c) + 5*s(c). Give g(-2).
5
Let p be ((-4)/3)/(14/(-21)). Suppose -3*d - 3*t = -15, -2*d - t + 3 = -4. Let q(g) = -g - g**d + g - p. Calculate q(0).
-2
Let i be (-111)/18 + (-1)/(-6). Let s(n) be the third derivative of -n**5/60 - 7*n**4/24 - 2*n**3/3 - 4*n**2. What is s(i)?
2
Let a = 53 - 32. Suppose 0 = 3*t - a + 3. Let o(k) = -k**2 + 6*k + 4. What is o(t)?
4
Let x(c) = c**2 - 2*c - 10. Let j(s) = -1. Let r = -10 - -9. Let v(z) = r*x(z) + 6*j(z). Let o = -11 + 15. Give v(o).
-4
Let l(u) = u**2 - 6*u + 3. Let n = -1 + 1. Suppose 20 = -n*p + 4*p. Determine l(p).
-2
Suppose -4*y + 2 = 4*v - 46, 32 = 5*y - 2*v. Suppose -4*q + y = -2*q. Let l(j) = -2*j - q + 5*j**2 + 5 + 0. Determine l(1).
4
Let z(d) be the third derivative of 5*d**4/12 - d**3/6 - 74*d**2. Suppose -3*m + t + 8 = 0, 4*t - t + 15 = 0. Give z(m).
9
Let h(z) = 4*z**2 - 4*z**3 + 2 - 6 + 3*z**3 + 1 + 5*z. Determine h(5).
-3
Let g(a) = a**3 - 4*a + 3. Let t be g(2). Suppose t*w - 7 - 2 = 0. Let d(u) = u**2 - 3*u. Give d(w).
0
Let f(k) = k**2 - 2. Let y be f(-2). Let u = -10 - -12. Let o(v) = -2*v - 1 - 3 + u*v**y + 5*v. Calculate o(-3).
5
Let p be 86 - 90 - (-1*8 - -1). Let f(k) = 3*k**2 - 2. Let w(v) = -v**2 + v. Let l(u) = f(u) + 2*w(u). Calculate l(p).
13
Let s(y) = -8*y**2 + 10*y + 1. Suppose -5*v - 29 - 36 = 0. Let z(g) = -17*g**2 + 21*g + 2. Let p(r) = v*s(r) + 6*z(r). Determine p(3).
5
Suppose -31 = i + 5*a, i + 3*i + 79 = -5*a. Let x be 2/4 - 40/i. Let y(z) = 2*z**2 - 2*z - 1. Calculate y(x).
11
Let o be 4 + 4/(-4)*4. Let n(p) be the second derivative of p + 0 - 3*p**2 - 1/12*p**4 + o*p**3. Determine n(0).
-6
Let p(v) = 4*v + 1. Let r(q) = q**3 - q**2 - 2*q + 1. Suppose -4*m - 5 = -1. Let g be (1*m)/((-6)/12). Let l be r(g). Give p(l).
5
Suppose -2 - 12 = -7*t. Let z(y) = -y**3 - 2 + 7 - 1 + 3*y**t - 2*y. What is z(3)?
-2
Let x(f) = -f**3 + f**2 + f - 9. Let q be 0 - ((1 - 4) + 0). Suppose -h - h + 4 = 0. Suppose -h*b = q*b. Give x(b).
-9
Suppose -l + 1 = -3. Let x(p) = p**3 - 3*p**2 - 2*p - 5. Let d be x(l). Let t(h) = -4 - 4 + 4 + h. What is t(d)?
-1
Let q be (4/6*42/(-28))/1. Let x(s) be the first derivative of 5*s**3/3 - s**2 - s + 1. Calculate x(q).
6
Let r(i) = -4 + 3 - 2*i**2 + i + 0. Let b be (3/6)/((-2)/(-20)). Suppose -l - 2*f + 4*f - 2 = 0, -l + b*f = 8. Calculate r(l).
-7
Suppose -5 = -3*r + 13. Let t(b) = b**2 - 7*b + 3. What is t(r)?
-3
Let x(m) be the third derivative of m**8/6720 + m**7/504 + m**6/180 - m**5/120 + m**4/8 - 4*m**2. Let n(z) be the second derivative of x(z). Calculate n(-4).
-1
Suppose -4*w - 3 = -19. Let t(b) be the third derivative of -1/3*b**3 + 0*b + 5*b**2 + 0 + 1/24*b**4. Give t(w).
2
Let a(n) = 0*n - 25 + 14 + 4 + n**2 + 6*n. Calculate a(-6).
-7
Let c(v) = 4*v**2 - 12*v + 6. Let y(w) = w**2 - 29*w + 7. Let k(f) = -30*f + 6. Let i(a) = 6*k(a) - 7*y(a). Let m(t) = 5*c(t) + 3*i(t). Determine m(7).
5
Let p(f) = f + 4. Let q(u) = -2*u - 5. Let c(k) = 3*p(k) + 2*q(k). Suppose -11*n - 64 + 20 = 0. Give c(n).
6
Let j(m) = m. Let f = 43 + -37. What is j(f)?
6
Let i = 3 - 5. Let c(o) be the first derivative of o**4/24 - o**3/3 + o**2 + 2. Let t(x) be the second derivative of c(x). Give t(i).
-4
Let d(q) = 9*q - 5. Let i(z) = -2*z + 1. Let g(f) = 6*d(f) + 26*i(f). Calculate g(-4).
-12
Let t(o) = o + 3 - 1 + 0 - 1. Calculate t(-1).
0
Let f = -33 - -29. Let p(j) = 2*j + 4. What is p(f)?
-4
Let l = 4 - 2. Suppose -4*i = i. Let n(p) = i + p**2 + 0 - 4*p - 1. Give n(l).
-5
Suppose 3*a + 7 = 2*a - 2*d, 0 = -a + d - 4. Suppose -t + 0*t = 0. Let p(k) = -4*k - 1 + 2*k**2 - 3*k**2 + t + 3. Give p(a).
-3
Let c(g) = -7*